 + 351*g + 12. Is d(-31) a prime number?
False
Suppose l - 6*l + 124890 = 0. Suppose r = -4*z + 8343, -r + 5*z = 2*r - l. Is r prime?
False
Let j(f) = -47327*f + 288. Is j(-17) composite?
False
Let p(i) = 50094*i - 671. Is p(7) a prime number?
False
Let r(g) = 33*g**2 + 8*g + 7. Suppose j - 31 + 33 = 0. Let p be r(j). Suppose -2*o - 250 = -2*a, a - o - p = o. Is a a prime number?
True
Suppose 7*g - 270630 - 572681 = 0. Is g prime?
True
Let f(l) = 19632*l + 2225. Is f(11) composite?
True
Let s(a) = 14*a**2 - 127*a + 2539. Is s(102) prime?
True
Let g be -3*((-6)/8 - 4/16). Suppose -s = -g*s + 42. Suppose h - 190 = s. Is h prime?
True
Let d(y) = 28*y**2 + 61*y - 759. Is d(18) a composite number?
True
Suppose -29*q - 31*q + 74*q = 2100882. Is q prime?
False
Is ((-11)/(-66))/(22/98489028) prime?
True
Is (-1 + -323690)*((-28)/(-6) - 5) a composite number?
False
Let h(g) = -2398*g**3 + 19 - 36*g - 19*g + 3*g**2 + 66*g. Is h(-2) composite?
True
Suppose 5*c = -2*y - 58, -2*c + 0*c - 29 = -5*y. Let u(h) = h**3 + 12*h**2 + 3*h + 43. Let r be u(c). Suppose -r*k + 1325 = -2*k. Is k a prime number?
False
Let j be 0 - -4633 - (-2 - 1). Let o = -2975 + j. Is o a composite number?
True
Suppose 0 = 4*m - l - 576086, 13*m = 14*m - 5*l - 143993. Is m a composite number?
True
Let i = 121 - 74. Let n = i - 45. Suppose 4*q + n*p - 4178 = 0, -2*p + 3852 + 1369 = 5*q. Is q prime?
False
Let s(w) be the third derivative of 0 - 101/4*w**4 - 1/6*w**3 + 25*w**2 + 0*w. Is s(-6) prime?
False
Let x(l) = 34*l - 5 - 68*l + 3 - 77*l - 28*l. Is x(-11) composite?
True
Let l = 2971401 - 1770764. Is l composite?
False
Let q(i) = 19210*i**2 - 3*i - 3. Let h be q(-1). Suppose 7*p = h + 2469. Is p prime?
False
Suppose 8591617 + 4667461 = 29*f + 3618289. Is f a composite number?
False
Let y(p) = 154 - 90 + 11*p + 3*p + 12*p. Is y(5) composite?
True
Suppose -6*q - 1260584 = -4*j, 8 = 23*q - 27*q. Is j a prime number?
False
Let j(f) = f + 20. Let r be j(6). Suppose 22*y - r*y = -24. Let m(l) = 163*l + 1. Is m(y) prime?
False
Let p(x) = 224*x**3 + 236*x**2 + 40*x + 23. Is p(12) composite?
False
Let s be (3 + 4*2/(-4))*4327. Is (-2)/((-4329)/s - -1) a prime number?
True
Suppose -2*y = -x - 2493, 3*x - 144 - 4847 = -4*y. Suppose 26393 = 18*l + y. Is l prime?
False
Let n = 2555936 + -1443175. Is n prime?
False
Let x = 768605 - 443136. Is x composite?
True
Let y = 4 + -4. Suppose -3*k + x + 268 = y, 0 = -0*k + k - 5*x - 94. Suppose k = 6*b - 5*b. Is b a prime number?
True
Let v(h) = -h**3 - 6*h**2 + 18*h + 14. Let t be v(-8). Let m be (-8748)/(-7) - t/7. Let o = m - 759. Is o composite?
False
Let w(p) be the first derivative of 13 + 2/3*p**3 + 35/2*p**4 + 2*p**2 - 7*p. Is w(3) composite?
False
Suppose 1248 = 4*f - 8*f + m, 2*m = 3*f + 936. Is ((-3098)/(-6))/((80/f)/(-10)) a composite number?
True
Let d = 75465 - 40948. Is d composite?
True
Let h = 29 - 26. Let l be 3*15/(-5) + h. Is (-1)/l + (-3855)/(-90) a composite number?
False
Suppose 14*u = -133909 - 72717. Let z = u - -22600. Is z a composite number?
False
Suppose 32414 = 5*n - 106536. Suppose 14*l = 4*l - n. Let m = 4928 + l. Is m a prime number?
False
Suppose 17*w + 25*w = 83561 + 2094517. Is w a prime number?
True
Let g(v) be the first derivative of 2*v**3/3 - 5*v**2/2 + 2*v - 11. Let k be g(3). Suppose -c - 6730 = -0*u - k*u, -5*u = -3*c - 6740. Is u a prime number?
False
Let i be ((-217)/(-2))/(-7)*-66. Let y = i - -556. Is y composite?
False
Let j be ((-3624)/16)/((-6)/(-12)). Let g = j + 898. Is g a composite number?
True
Let g = -4860 + 1353. Let p = g + 12002. Is p composite?
True
Suppose 4*u + 3316219 = 5*b - 18*u, -5*u + 1989695 = 3*b. Is b a composite number?
True
Let p(w) = -313*w**3 + w**2 + 8*w + 11. Let s(o) = -23*o - 117. Let u be s(-5). Is p(u) composite?
False
Let d(c) = -56*c**3 + 19*c**2 - c - 18. Let m(i) = 27*i**3 - 9*i**2 + 9. Let s(o) = -4*d(o) - 9*m(o). Is s(-10) a composite number?
True
Let h be (4 + -7)/(3/(-2))*-2. Let f be (-4)/(-16) + (-7)/h. Suppose f*a + 141 = 1283. Is a a composite number?
False
Let t = 116122 - 71723. Is t a prime number?
False
Let n = -3675 + 6772. Is n composite?
True
Let r = -10 - 213. Let g be r + 6*2/(-3). Let i = g - -390. Is i a composite number?
False
Is ((-45)/(-12) + -3 - 5384850/120)/(-1) a prime number?
False
Let r(u) = 12*u**2 + 80*u - 1165. Is r(15) prime?
False
Let p(a) = -25 + 58 + 3*a + a**2 + 6*a - 11. Let u be p(-5). Is (2 - u) + (-3790)/(-10) a prime number?
True
Suppose 105*s - 13378154 = -229319. Is s a prime number?
False
Let g = 65318 + -10295. Is g a prime number?
False
Is (-14)/21 + 0 + 40/6 + 121565 composite?
False
Let k = 1280305 - 835034. Is k composite?
False
Suppose 7509 + 133082 = 11*w. Is w prime?
True
Suppose -7697 = -5*k - 30*b + 27*b, 2*k + 2*b = 3074. Is k composite?
False
Let b(v) = 269*v**3 + 20*v**2 - 5*v + 27. Is b(4) a composite number?
True
Let v be 34/9 - 4 - 16/9. Let c be v/(-8) + 12/(-48). Suppose 4*g = c, -3*g - 625 - 163 = -2*n. Is n a composite number?
True
Suppose 5 + 7 = -3*p. Let i be 18124/10 + (-18)/45 + p. Let v = i - 399. Is v a composite number?
False
Let p be (-3)/9*18/(-3). Suppose 0 = -2*j + 8, -p*y - 2*j + 21446 = 2972. Is y a prime number?
False
Suppose 6*v - 388 = 2*v + h, 0 = 5*v - 4*h - 485. Suppose -10*i = v - 2207. Is i prime?
True
Let c(k) = -k**2 - 4*k - 4*k**3 + 4 + 6*k**2 + 3*k**3 + 2*k**3. Let y be c(-5). Let z = -11 + y. Is z a composite number?
False
Is (0 + (2 - 1))/(3/833334*2) a composite number?
False
Suppose -3*n + 3*q = -6468, -n + 1553 + 607 = -5*q. Is ((-308)/110)/((-2)/n) a composite number?
True
Let z = 11 + -5. Let o be (-9 - -8)/(1/z). Is o/(-21) + 6320/28 composite?
True
Suppose -5*m = -m - 112. Suppose -5*x + x = 5*d - m, 0 = -d. Suppose 0 = -4*n + 2*a + 6240, x*n - 2*n + 2*a = 7791. Is n a composite number?
False
Let u be (1 + (4 - 2))/(-3). Let c be (-20734)/28*2*u. Suppose k = c - 310. Is k a composite number?
False
Suppose 4*h - 8 = 0, 5*h - 8 = -2*a + 8. Suppose -2*b - 16 = 4*o, -a*o + 6 = -b - 2. Is (-10116)/(-20) + b/10 composite?
True
Suppose 5*d - 269 = 7*d - 5*s, -5*s + 543 = -4*d. Suppose -2*h - 61 - 425 = 0. Let u = d - h. Is u prime?
False
Is (-6)/42 - 5/7 - (-25525578)/42 composite?
True
Let n(u) = 43*u - 43. Let o be n(5). Let g = 511 + o. Is g composite?
False
Is 78037 - 1 - 3/((288/(-12))/(-8)) prime?
False
Suppose -39*o + 9480250 = -2301953 - 1217004. Is o a prime number?
False
Let o = -43383 - -73724. Is o a composite number?
False
Let i be (-7)/(-28)*-3*216/2. Suppose -k = -3*a - 130, k + 400 = 4*k - 4*a. Let w = k + i. Is w a prime number?
False
Suppose -2*s + 15 = -7*s + 2*i, 25 = -5*i. Let v be 2349/(-5) + 1/s. Let u = 1389 + v. Is u a prime number?
True
Suppose -1357*x + 1353*x - 2273751 = -5*s, x + 4 = 0. Is s composite?
True
Suppose 364924 = -29*l + 85*l - 28*l. Is l prime?
True
Let q be (-5)/2*(0 + -10). Let z = -1 + q. Is ((-282)/z)/(1/(-68)) prime?
False
Let s(d) = 149*d**2 - 191*d - 121. Is s(-36) a composite number?
True
Let q = -52 - -55. Let o be -3*q*3*(-5)/45. Suppose 0 = -r - 5*y + 54, 3*r = -o*y + 2*y + 232. Is r a composite number?
False
Let p be 8/((-2)/9*-9). Let d = 1 - -1. Suppose n - 3*j = 1369, 0 = -d*n + n - p*j + 1341. Is n a composite number?
True
Let a(y) = 20632*y + 359. Is a(5) prime?
False
Let t(c) = -128*c**2 - c - 1. Let n be t(-1). Let p = n + 278. Is 45332/15 + (-20)/p a prime number?
False
Suppose -25*o + 30*o - 2631835 = 0. Is o a composite number?
False
Is (-2)/(4*14/(-11500084)) - 2/7 a composite number?
False
Let a be 7/28 + (-5)/20. Suppose a*t = -t + 2497. Is t prime?
False
Let m = 1127 + 24133. Suppose m + 492 = 24*q. Is q a prime number?
False
Suppose 0 = 113*f - 68*f - 57*f + 22908. Is f a composite number?
True
Suppose c - 2*x + 7 = 0, 3*c = -2*x + x. Let l(g) = 13 + 101*g - 107*g - 11 + 2502*g**2 - 3 - 4. Is l(c) a composite number?
False
Let a(w) = w**3 - 2*w**2 - 7*w - 8. Let l = -36 + 34. Let o be a(l). Is ((-1104)/o + 2)/(1/5) composite?
True
Let a(h) = 2*h**3 - 11*h**2 - 3*h - 6. Let f be a(6). Suppose -f*w = -27*w + 13605. Is w prime?
True
Let o(y) = -y**2 - 3*y + 2. Let x be o(0). Is -1 - (x + -2 + (-5210 - -2)) a composite number?
True
Suppose 248*i - 91968605 - 114728515 + 75995416 = 0. Is i composite?
True
Is ((-67863